ded by 321?
310
What is the remainder when 1674 is divided by 131?
102
Calculate the remainder when 2926 is divided by 268.
246
What is the remainder when 39 is divided by 9?
3
What is the remainder when 1012 is divided by 35?
32
Calculate the remainder when 491 is divided by 161.
8
Calculate the remainder when 202 is divided by 40.
2
Calculate the remainder when 349 is divided by 70.
69
What is the remainder when 75 is divided by 4?
3
Calculate the remainder when 379 is divided by 348.
31
Calculate the remainder when 14757 is divided by 60.
57
Calculate the remainder when 27 is divided by 8.
3
What is the remainder when 1181 is divided by 93?
65
What is the remainder when 29 is divided by 3?
2
What is the remainder when 55 is divided by 3?
1
Calculate the remainder when 1003 is divided by 248.
11
What is the remainder when 1656 is divided by 212?
172
Calculate the remainder when 14232 is divided by 11.
9
What is the remainder when 59 is divided by 22?
15
What is the remainder when 1166 is divided by 70?
46
Calculate the remainder when 2012 is divided by 182.
10
What is the remainder when 724 is divided by 59?
16
What is the remainder when 304 is divided by 34?
32
What is the remainder when 1393 is divided by 346?
9
Calculate the remainder when 72 is divided by 37.
35
What is the remainder when 232 is divided by 49?
36
What is the remainder when 91 is divided by 32?
27
What is the remainder when 3603 is divided by 243?
201
What is the remainder when 1850 is divided by 307?
8
What is the remainder when 40 is divided by 25?
15
What is the remainder when 888 is divided by 33?
30
Calculate the remainder when 131 is divided by 6.
5
Calculate the remainder when 488 is divided by 166.
156
What is the remainder when 17488 is divided by 33?
31
What is the remainder when 1257 is divided by 85?
67
Calculate the remainder when 1203 is divided by 58.
43
What is the remainder when 3727 is divided by 34?
21
Calculate the remainder when 11591 is divided by 56.
55
What is the remainder when 125 is divided by 4?
1
What is the remainder when 1208 is divided by 151?
0
What is the remainder when 868 is divided by 19?
13
What is the remainder when 699 is divided by 18?
15
What is the remainder when 2578 is divided by 7?
2
What is the remainder when 246 is divided by 65?
51
What is the remainder when 95 is divided by 4?
3
Calculate the remainder when 1486 is divided by 58.
36
Calculate the remainder when 195 is divided by 54.
33
What is the remainder when 406 is divided by 139?
128
Calculate the remainder when 615 is divided by 25.
15
What is the remainder when 764 is divided by 15?
14
What is the remainder when 522 is divided by 63?
18
What is the remainder when 17546 is divided by 164?
162
Calculate the remainder when 139 is divided by 81.
58
Calculate the remainder when 197 is divided by 6.
5
What is the remainder when 421 is divided by 206?
9
Calculate the remainder when 262 is divided by 38.
34
Calculate the remainder when 70 is divided by 29.
12
Calculate the remainder when 282 is divided by 93.
3
What is the remainder when 4123 is divided by 165?
163
Calculate the remainder when 258 is divided by 53.
46
What is the remainder when 138 is divided by 26?
8
Calculate the remainder when 1903 is divided by 14.
13
What is the remainder when 319 is divided by 101?
16
What is the remainder when 462 is divided by 211?
40
What is the remainder when 60 is divided by 21?
18
Calculate the remainder when 95 is divided by 44.
7
Calculate the remainder when 399 is divided by 116.
51
Calculate the remainder when 63 is divided by 21.
0
What is the remainder when 382 is divided by 113?
43
What is the remainder when 4550 is divided by 3?
2
Calculate the remainder when 582 is divided by 223.
136
Calculate the remainder when 1540 is divided by 32.
4
Calculate the remainder when 437 is divided by 195.
47
Calculate the remainder when 637 is divided by 32.
29
What is the remainder when 86 is divided by 24?
14
What is the remainder when 525 is divided by 139?
108
Calculate the remainder when 2038 is divided by 40.
38
What is the remainder when 88 is divided by 30?
28
What is the remainder when 295 is divided by 88?
31
What is the remainder when 4558 is divided by 38?
36
Calculate the remainder when 1412 is divided by 38.
6
Calculate the remainder when 263 is divided by 180.
83
What is the remainder when 342 is divided by 21?
6
What is the remainder when 115 is divided by 10?
5
What is the remainder when 201 is divided by 31?
15
What is the remainder when 1536 is divided by 85?
6
What is the remainder when 2158 is divided by 108?
106
What is the remainder when 562 is divided by 139?
6
Calculate the remainder when 524 is divided by 8.
4
What is the remainder when 254 is divided by 64?
62
Calculate the remainder when 140 is divided by 37.
29
What is the remainder when 1467 is divided by 364?
11
Calculate the remainder when 201 is divided by 59.
24
What is the remainder when 2518 is divided by 90?
88
Calculate the remainder when 50 is divided by 11.
6
What is the remainder when 1314 is divided by 239?
119
What is the remainder when 383 is divided by 41?
14
What is the remainder when 8091 is divided by 90?
81
Calculate the remainder when 5693 is divided by 78.
77
Calculate the remainder when 110 is divided by 87.
23
What is the remainder when 1044 is divided by 9?
0
Calculate the remainder when 628 is divided by 209.
1
What is the remainder when 1157 is divided by 571?
15
Calculate the remainder when 5776 is divided by 50.
26
Calculate the remainder when 511 is divided by 128.
127
What is the remainder when 526 is divided by 253?
20
Calculate the remainder when 371 is divided by 116.
23
Calculate the remainder when 452 is divided by 65.
62
Calculate the remainder when 297 is divided by 61.
53
What is the remainder when 47 is divided by 26?
21
Calculate the remainder when 1813 is divided by 121.
119
Calculate the remainder when 672 is divided by 62.
52
What is the remainder when 455 is divided by 38?
37
Calculate the remainder when 1678 is divided by 6.
4
Calculate the remainder when 4793 is divided by 137.
135
Calculate the remainder when 554 is divided by 15.
14
What is the remainder when 2540 is divided by 62?
60
Calculate the remainder when 313 is divided by 16.
9
Calculate the remainder when 492 is divided by 163.
3
Calculate the remainder when 573 is divided by 64.
61
Calculate the remainder when 493 is divided by 166.
161
Calculate the remainder when 1462 is divided by 23.
13
Calculate the remainder when 157 is divided by 46.
19
What is the remainder when 109 is divided by 65?
44
What is the remainder when 412 is divided by 60?
52
What is the remainder when 514 is divided by 104?
98
Calculate the remainder when 536 is divided by 45.
41
What is the remainder when 1573 is divided by 511?
40
What is the remainder when 8957 is divided by 20?
17
What is the remainder when 705 is divided by 42?
33
What is the remainder when 415 is divided by 52?
51
What is the remainder when 1765 is divided by 59?
54
What is the remainder when 35 is divided by 15?
5
Calculate the remainder when 988 is divided by 42.
22
What is the remainder when 1104 is divided by 234?
168
Calculate the remainder when 846 is divided by 84.
6
Calculate the remainder when 4809 is divided by 17.
15
Calculate the remainder when 391 is divided by 12.
7
Calculate the remainder when 1020 is divided by 337.
9
Calculate the remainder when 173 is divided by 81.
11
Calculate the remainder when 478 is divided by 151.
25
What is the remainder when 3380 is divided by 30?
20
What is the remainder when 67 is divided by 24?
19
Calculate the remainder when 3497 is divided by 159.
158
What is the remainder when 19030 is divided by 135?
130
What is the remainder when 179 is divided by 74?
31
What is the remainder when 6311 is divided by 899?
18
What is the remainder when 535 is divided by 26?
15
What is the remainder when 148 is divided by 38?
34
Calculate the remainder when 1116 is divided by 25.
16
What is the remainder when 846 is divided by 213?
207
What is the remainder when 13534 is divided by 48?
46
Calculate the remainder when 179 is divided by 163.
16
What is the remainder when 332 is divided by 69?
56
Calculate the remainder whe